rue
Suppose -b = -3*s + 12, 5*b - 4 = -s + 10*b. Suppose 2*t - o = 13216, -s*t + 8654 + 17768 = 3*o. Is t composite?
False
Let r(x) be the second derivative of x**6/180 - x**5/40 - 41*x**4/24 - 13*x**3/2 + x. Let m(q) be the second derivative of r(q). Is m(12) a prime number?
True
Let v = 807 + 10562. Is v composite?
False
Let q be (-2)/(-9) - 46555/(-9). Suppose -1 = -z, 2*z = t - q - 192. Is t a composite number?
True
Suppose 13*a - 46*t = -47*t + 2657990, 0 = a - t - 204464. Is a a prime number?
True
Let v(b) = -57506*b**3 + b**2 + b - 1. Let h be v(-1). Suppose 18*a + 15637 = h. Is a composite?
True
Is (-1)/((1/((-70)/(-10)))/(-1097)) composite?
True
Suppose 0 = -x - 4, -p = 3*x - 5*x - 425. Suppose -3*k = -15 + p. Is -62*(k/36 + 4/18) composite?
True
Is 21/(-15) - 26347420/(-550) prime?
True
Suppose 0 = 3*j - 2*v - 19, 3*j = 5*v - 7*v + 11. Suppose -4*p - 7*x + 9842 = -j*x, 4*p = 2*x + 9830. Is p prime?
True
Suppose 4587065 = 302*z - 3270233 + 3130092. Is z a prime number?
False
Let b be 4/5 - 671/(-55). Let p = -472 - b. Let w = 53 - p. Is w composite?
True
Let f = 47643 - 32580. Is f prime?
False
Let k = -14736 - 21588. Let d = k + 52625. Is d a composite number?
False
Suppose 10*v = -17 + 87. Suppose 0 = -2*w + 5*a + 1, -w + 4*a = -2*w + v. Suppose w*d + 0*d = 6, 3*p - 263 = 2*d. Is p a composite number?
False
Suppose 4*f - 2*r + 18 = 0, 13*r - 10*r - 25 = 5*f. Let u(x) = -579*x**3 - 6*x**2 - 13*x - 5. Is u(f) prime?
False
Let a(s) = 33005*s**3 + 4*s**2 - 38*s + 94. Is a(3) composite?
False
Suppose 2*t - j = 39, 0 = -34*t + 33*t + 2*j + 15. Is (-3 + (-14308)/t)*-3 composite?
False
Suppose -45*v - 70255 = -50*v. Is v a prime number?
True
Let u be (-20)/(-6)*(-33)/22. Let b be (-9510)/24 - 2/(-8). Let t = u - b. Is t a prime number?
False
Suppose 12*t - 16*t = 5*v - 2590463, 4*v - 2072386 = 2*t. Is v prime?
False
Is (-19)/(1197/(-967545)) + (-32)/(-28) a composite number?
False
Suppose -47796 - 8511 = -8*g + 20965. Is g a prime number?
False
Is (((-14)/(-4))/7)/((-3)/30) + 158136 prime?
False
Let t(v) = 3*v**2 + 2*v + 16988. Let j be t(0). Suppose -70 = -6*b + j. Is b a prime number?
True
Let t(j) = 194*j**2 - 11*j - 15. Let a be t(-12). Suppose 3*z - a = -4*o, -3*z = -3*o - 38411 + 10379. Is z a prime number?
False
Let m = -51 + 10. Let v = m - -41. Let p(t) = t**3 - t + 201. Is p(v) a composite number?
True
Let f be (-2 + 12/9)*342/(-4). Suppose f*x - 22*x = 962815. Is x a composite number?
False
Is ((-2)/(-5))/((-228)/(-3716970)) a composite number?
False
Let n = 28362 + 89167. Is n prime?
True
Suppose -3*z = -21*z - 54. Let h(t) = -17*t + 16. Is h(z) a composite number?
False
Suppose 6*u - 7*u + 2*n = -50, 4*u - n - 228 = 0. Let t = u - -138. Suppose q + t = 1655. Is q a prime number?
True
Let r(j) = -404*j**2 - 12*j + 58. Let d(k) = 403*k**2 + 12*k - 60. Let l(z) = 7*d(z) + 6*r(z). Is l(5) composite?
True
Is -23 - -13434 - (-1 - ((2 - 12) + 1)) a composite number?
True
Let z(g) = 4*g**2 + 15*g + 1. Let w(o) = -15*o - 13*o + 1 - 9*o**2 - 4 - o. Let n(x) = 2*w(x) + 5*z(x). Is n(-12) a composite number?
False
Let u(l) = 1688*l**2 - 1. Suppose 5*q = z + 10 + 30, -5*q = -4*z - 55. Suppose 3*m + 3 = -3*h + 18, 0 = h - 2*m + q. Is u(h) a prime number?
False
Let n be (-2)/((-18)/381) - (-10)/(-30). Suppose n*i = 44*i - 6842. Is i prime?
False
Suppose 3*m + 35 = -4. Let n = m + 13. Suppose 8*p - 5*p - 3453 = n. Is p a prime number?
True
Suppose 0 = 24*x - 228877 - 4436219. Is x prime?
False
Let g = -109627 - -354808. Is g a prime number?
False
Let r be -13338*48/(-32)*(-1)/3. Let w = -4412 - r. Is w a composite number?
True
Is (10190/(-40))/(6/(-1464)) prime?
False
Let n(w) = 29*w + 43. Let l(o) = -o. Let i be l(2). Let j(p) = 117*p + 173. Let x(s) = i*j(s) + 9*n(s). Is x(12) prime?
False
Let w = 75 + -97. Let h(p) = -4*p - 18. Let l be h(w). Suppose l - 3009 = -x. Is x a prime number?
True
Let l(b) = -b**3 - 3*b**2 + 28*b + 113. Is l(-17) a prime number?
False
Suppose -4*y - 39 = 5*h, y - 3*h - 15 = 2*y. Let q = y - -248. Let o = q - 151. Is o composite?
True
Let d be ((-27)/(-18))/((-3)/(-4)). Suppose 6*h = d*h + 2944. Suppose 5 + h = 3*k. Is k a prime number?
False
Let s be 13/((-234)/6363)*(-144)/(-7). Let j = 10379 + s. Is j a prime number?
False
Let o(q) = -q**2 - 57*q + 118. Let i be o(-59). Is i + (0 - 5)/1 - -15974 composite?
True
Let f = 80 - 100. Let c = 20 + f. Is 1915 + (-2 - c) + 2 a prime number?
False
Suppose -5*m = 5*u - m - 4490, -2692 = -3*u - 2*m. Let g be (1076/(-10) - 0) + (-9)/(-15). Let a = g + u. Is a a prime number?
True
Let u(m) = 3*m**2 + 10*m + 9*m - m**3 + 9*m + 65 - 77. Let c be u(-14). Is (c + -6)*2/4 a prime number?
False
Is 14454 + ((-7)/21)/((-3)/(-9)) prime?
False
Suppose 10*d - 19 = 1341. Suppose d*a - 130*a = 13938. Is a prime?
False
Let a(z) = 94*z + 15. Let f be a(2). Let g = 382 - f. Is g a prime number?
True
Let x = 3002 + -5696. Is (-3)/(x/1338 - -2) a prime number?
True
Suppose 9*o - 175098 = 31*o. Is o/7*(-5 + 4) prime?
False
Suppose -22*n - 11051 = -x - 21*n, 3*n = 5*x - 55247. Is x a composite number?
False
Let m = 1271 - -60018. Is m a prime number?
False
Let k(n) be the third derivative of -7*n**4/8 - 7*n**3 + 16*n**2. Let d be k(-12). Let l = d - -205. Is l prime?
False
Let j(v) = 1233*v - 2773. Is j(28) a composite number?
False
Let k = 9640 + 23441. Is k prime?
False
Let k(x) = -991*x**2 - x - 20. Let f be k(-5). Let g = f + 69359. Is g prime?
False
Let d = -39 + 41. Suppose -d = k - 2*k. Is (15/9 + -1)/(k/3957) prime?
True
Suppose 9*x + 44215 - 90199 - 71394 = 0. Is x composite?
True
Let c(m) = -2*m**3 + 4*m**2 + 3*m + 5. Let u be c(-4). Let a(h) = 2*h**2 - 5*h + 10. Let r be a(8). Let n = u - r. Is n a prime number?
False
Let q(l) be the third derivative of -1/20*l**5 + 17/6*l**3 + 14*l**2 + 0*l + 7/24*l**4 + 7/60*l**6 + 0. Is q(7) composite?
False
Suppose 0 = -13*h + 1309 - 217. Suppose 7*a - 3*a = 316. Suppose 0 = h*v - a*v - 10495. Is v prime?
True
Suppose 0 = -4*z + 16, -5*d - z = -2*d - 781. Let m = -90 - 78. Let g = d + m. Is g a prime number?
False
Suppose -4*l + 91 = -17*l. Is (-7)/l*-1594*(-1)/2 composite?
False
Let b be (-1)/(-2 + 489363/244685). Suppose -23*l + 76848 = -b. Is l a prime number?
True
Let f = 5 - 3. Let c be (-5 + -1392)/((2/10)/(-1)). Suppose 0 = 3*x + f*x - c. Is x prime?
False
Let p be (-35)/(-28)*(-24)/(-10). Suppose 5*u = 6*r - 3*r - 7326, -p*u - 12194 = -5*r. Is r a prime number?
True
Suppose -7*l - 7002 = 2721. Let d be (-3922)/2*-1 + -1. Let g = d + l. Is g a prime number?
True
Suppose -186*p - 4508 - 17225 = 25*p. Let n(i) = 2*i**2 - 6*i + 2. Let q be n(-6). Let x = p + q. Is x a composite number?
False
Suppose 0 = x + 7, -173*f = -168*f - 3*x - 1931006. Is f a composite number?
True
Is 6/51 + 11956272/272 composite?
True
Suppose -8*q - 38473 = 11111. Let y = q + 3701. Let l = y + 4678. Is l composite?
True
Let v(y) be the second derivative of 0 + 9*y**2 + 32*y + 1/6*y**3. Is v(15) prime?
False
Let w = 503984 + -267777. Is w composite?
False
Let o = -57 + 45. Let q be 2280382/(-91) - (-1 + o/(-14)). Is (q/(-15))/((-3)/(-15)) composite?
False
Let y = -183234 + 461508. Suppose y - 46108 = 22*l. Is l prime?
False
Let s(i) = -i**3 - 3*i + 35. Let k be s(0). Suppose -28*t = -k*t. Suppose t = 2*j + 105 - 1523. Is j a prime number?
True
Let b be 15/(-12) + 6/24 + 3. Suppose b*c = 5*c - 2787. Is c a prime number?
True
Is (376/(-56) - -7) + (3192025/(-35))/(-1) composite?
True
Let u = 207 + -91. Let t = -117 + u. Is (-109)/(-3) - t/((-6)/(-4)) prime?
True
Is 20/65 + 30189222/91 + 7 composite?
True
Suppose -2*t + 2 + 2 = -2*v, -v + 13 = 4*t. Is (-4 - (-1 - t)) + 15071 composite?
True
Let t(x) = 1273*x**3 - 6*x**2 + 3*x + 3. Is t(2) a prime number?
True
Suppose -368*w = -418*w + 2989750. Is w composite?
True
Let t = -18012 + 40445. Is t composite?
False
Let s(v) = 148739*v**3 - 24*v**2 + 21*v + 3. Is s(1) prime?
False
Let k be 2/3 - (-15169)/3. Let x = -3406 + k. Is x composite?
True
Suppose 15*m + 4*m = -25137. Let b = 2182 + m. Is b prime?
True
Suppose -124 = -6*i - 2*f, -24*i + 86 = -20*i - 2*f. Suppose -4*p + 226 + 594 = 0. Is (48/(-21) - (-6)/i) + p a prime number?
False
Suppose 2*x - 530078 = 4*l, -107*x + 108*x - 4*l = 265029. Is x a prime number?
False
